. Calculate the remainder when r(-1) is divided by 13.
11
Suppose 0 = -21*g + 15*g + 42. What is the remainder when 40 is divided by g?
5
Suppose -2*t - 42 = -4*t. Suppose -p + 1 = -3*i + t, 5*p + 23 = 4*i. Calculate the remainder when 13 is divided by i.
6
Suppose 2*c + 7*c = 0. Suppose 0 = t + a - 129, c*t + 5*a + 379 = 3*t. What is the remainder when t is divided by 44?
40
Let j(y) = 2*y + 2. Let p = 46 + -46. What is the remainder when 5 is divided by j(p)?
1
Let t = -87 - -159. Suppose -3*b = a - 54, -4*b = -a - 0*a - t. What is the remainder when 50 is divided by b?
14
Let x(l) = 7*l**2 - 2*l. Let y be x(-4). Calculate the remainder when 49 is divided by (-2)/(-15) - (-1184)/y.
9
Suppose -2*v = 5*v. Suppose -4*t + 47 = 3*i, v*i + 56 = 3*i - 5*t. What is the remainder when 4/10 + (-656)/(-10) is divided by i?
15
Let i = 132 - 120. Let o = 58 - 31. Calculate the remainder when o is divided by i.
3
Suppose -9 = x - 13. Suppose -2*l = 3*d - 31, 2*l - 32 = -8*d + x*d. What is the remainder when 46 is divided by l?
4
Calculate the remainder when 886 is divided by ((-25)/((-850)/459))/(2/12).
76
Suppose 774 = 24*s - 21*s. Suppose 0*b + s = 3*b. Calculate the remainder when b is divided by 22.
20
Calculate the remainder when 99 is divided by (-9)/54 + 471/18.
21
Suppose 2*x + 5 = 5. Suppose x = -10*y + 96 + 594. Calculate the remainder when y is divided by 14.
13
Suppose 0 = -c - 2*i + 38, 31 + 83 = 3*c + i. What is the remainder when 56 is divided by c?
18
Suppose -5*a = -0*u + 5*u - 60, 0 = -2*a + 2*u + 20. Suppose a*s - 12*s = -40. Suppose 7*f = 3*f + s. What is the remainder when 29 is divided by f?
9
Suppose 5*d + 452 = 1627. What is the remainder when d is divided by 30?
25
Let u(o) = -o**3 + 13*o**2 - 14. Let i be u(13). Let d = 1 - i. Calculate the remainder when 43 is divided by d.
13
Let l(x) = -x + 24. Let t be l(0). Suppose -96 = -4*j - t. Suppose -207 = -6*p + 3*u, -5*p + 22*u = 27*u - 150. What is the remainder when p is divided by j?
15
Let x(q) = q**3 + 10*q**2 + 11*q + 19. Calculate the remainder when x(-8) is divided by 30.
29
Let l = -246 + 262. Calculate the remainder when 29 is divided by l.
13
Let d(q) = q**3 - 4*q**2 + 5*q - 99. Let h(v) = 5*v + 1. What is the remainder when h(1) is divided by d(6)?
0
Calculate the remainder when 138 is divided by ((-9)/(-2))/(147/784).
18
Let v(a) = 11*a**2 - 2*a - 3. What is the remainder when v(2) is divided by 1 + 7 - (-5 - -5)?
5
Suppose 340 + 580 = 5*q. Calculate the remainder when q is divided by 31.
29
Let x = 111 - 60. Suppose -239 = 5*u - 2*t, 3*u + 156 = -2*t - t. What is the remainder when x is divided by 21/(-6)*252/u?
15
Let g = -744 + 784. Calculate the remainder when (-2 + 0)*(2 - 60) is divided by g.
36
Suppose -8*r = 330 - 1330. Calculate the remainder when r is divided by 18.
17
Suppose 0 = -2*f + 77 + 137. What is the remainder when f is divided by (24/5)/((-4)/(-30))?
35
Suppose -5*y = -5*b - 1560, -30*y + 5*b = -33*y + 976. Calculate the remainder when y is divided by 64.
61
Let x = 39 + -19. Let z be ((-32)/4)/((-8)/x). Suppose q - z = -5*t, q + 2*q = 2*t + 9. Calculate the remainder when 22 is divided by q.
2
Let n(a) = 2*a**3 - 27*a**2 + 14*a - 7. Let c be n(13). Let w(z) = 5*z**3 - 4*z**2 - 4*z**3 - 6*z + 9 - z**2. What is the remainder when 25 is divided by w(c)?
7
Suppose -4*o = 44 - 116. What is the remainder when 86 is divided by o?
14
Let v be (-28)/(-3)*(108/(-8))/9. Let b = v - -35. Let k = 151 + -68. Calculate the remainder when k is divided by b.
20
Suppose -3*f = -3*c + 1166 - 386, 5*c - f = 1292. Let a be c/(-1)*(-1)/3. Calculate the remainder when 79 is divided by a/4 - (-6)/(-4).
19
Let b = -771 - -1084. Calculate the remainder when b is divided by 21.
19
Calculate the remainder when 1/(5/(-3)) - 21200/(-125) is divided by 58.
53
Let m(u) = 2*u + 1. Let p be m(7). Let c = p + -7. Suppose c = -5*s + 83. What is the remainder when 44 is divided by s?
14
Suppose 0*u = -11*u + 264. Let j = 7 - 2. What is the remainder when u is divided by j?
4
Let k(y) = y**2 - 4*y - 52. What is the remainder when 3647 is divided by k(-7)?
22
Suppose -197 = -3*k - s, 2*s = -4*k + 7*k - 209. Let q = k - 49. Calculate the remainder when 32 is divided by q.
14
Let f = -64 + 65. Calculate the remainder when 55 is divided by ((-44)/6 - f)*(-243)/135.
10
Suppose 3*o = m - 2*m + 73, 2*o - m - 52 = 0. Suppose -o*b + 11*b = -1190. What is the remainder when b is divided by 45?
40
Suppose -3*o = -5*b - 1, 4*o + 3*b + 22 = 62. Let i(y) = y**2 - 2*y - 2. Let r be i(4). Let m = 21 + r. What is the remainder when m is divided by o?
6
Suppose 5*r + 3 = -j - 4, r + 23 = j. Suppose 2*x - 4*f + 4 = 6*x, 15 = 3*x - 3*f. Suppose -13 + x = -u. What is the remainder when j is divided by u?
8
Let m = 54 - 60. Let u = -2 + 16. What is the remainder when (m/(-4))/((-3)/(-82)) is divided by u?
13
Let n = 186 - -41. Calculate the remainder when n is divided by 29 - -27*(-10)/(-30).
37
Let m = -12 + 11. Let l be m + 4/(-2) - -5. Suppose 0*k = -l*k + 18. Calculate the remainder when k is divided by 6.
3
What is the remainder when 321 is divided by ((-28)/42)/((-246)/243 + 1)?
51
Suppose -70*p = -73*p - 12. Calculate the remainder when ((-30)/p)/(((-21)/(-6))/7) is divided by (-18)/8*(-6 - -2).
6
Let u = -487 - -525. Calculate the remainder when u is divided by 2.
0
Let s(g) = g + 11. Let q be s(-5). Suppose -2*r - 28 = -q*r. What is the remainder when 11 is divided by r?
4
Let m be ((-110)/(-8))/(0 - 4/848). What is the remainder when 101 is divided by ((-2)/(-5))/((-22)/m)?
48
Let o(u) = u**2 - 2*u - 3. Let x be o(5). Let n = x - 7. Suppose -33 = -9*i + 39. Calculate the remainder when i is divided by n.
3
Let x(d) = -d**2 - 6*d + 6. Suppose -2*t - 21 = -9. Calculate the remainder when 11 is divided by x(t).
5
Let i(k) = k + 5. Let v(y) = -y**3 + y - 5. Let u be v(0). Let b be i(u). Suppose -6*l + 4*l + 46 = b. What is the remainder when l is divided by 8?
7
Let q(p) = -3*p**3 + 2*p**2 - 7*p - 1. Let t be q(-3). Suppose -5*r - 29 = -t. Let c = 165 - 97. Calculate the remainder when c is divided by r.
14
Suppose 2*t = y - 0*t - 34, 5*y - 146 = -2*t. What is the remainder when 81 is divided by y?
21
Suppose 0 = 85*i + 153 - 4488. Calculate the remainder when 195 is divided by i.
42
Suppose -619 = -9*k - 52. Suppose p - 4 = -i + 17, 0 = p - i - 13. What is the remainder when k is divided by p?
12
Suppose 27 = y + 5*d - 0*d, 5*y - 5*d + 15 = 0. Let h = 7 - 2. Suppose -323 = -h*s + 4*n, s - y*n = 2*s - 73. What is the remainder when s is divided by 23?
21
Suppose -29 = -k + 25. Let d = 23 - 18. Suppose -d*c + k = 4. What is the remainder when 19 is divided by c?
9
What is the remainder when 430 is divided by -5*(-6 + 144/(-40))?
46
Calculate the remainder when -1*(3 - 9) + 791*1 is divided by 8.
5
Suppose 0*u - 4*d + 12 = 2*u, -d = 3*u + 7. What is the remainder when 15 is divided by (-59)/(-6) + u/(-24)?
5
Let q(n) = -8*n - 15. Let i(x) = 40*x + 75. Let v(f) = 2*i(f) + 11*q(f). What is the remainder when v(-9) is divided by 16?
9
Let n = -314 - -395. Calculate the remainder when n is divided by 9.
0
Let a(w) = 2*w + 8. Let k be a(-7). Let l(q) = -20*q + 123. What is the remainder when 6/(-18) + (-68)/k is divided by l(6)?
2
Let x = -949 + 1123. What is the remainder when x is divided by 25?
24
Suppose 0 = -2*s - 2*i + 66, -5*s - 70 = -7*s - 3*i. Calculate the remainder when 141 is divided by s.
25
Let f = 20 + 13. Calculate the remainder when f is divided by 1/(-8 - (-511)/63).
6
Suppose 3*v - 3 = -3*x + 2*x, 3*x - 53 = 2*v. Suppose m + 2 = -f + 21, 0 = -3*m + x. What is the remainder when f is divided by 11?
3
Let i(s) = s**3 - 6*s**2 + 6*s + 2. Let j = 92 - 129. Let w = 57 + j. What is the remainder when w is divided by i(5)?
6
Suppose 11 = -8*v + 7*v. Let z = v - -22. What is the remainder when z is divided by 4?
3
Let h(c) = -11*c**3 + 2*c + 2. Suppose -3*f + 51 = -4*r + r, 4*r = f - 11. What is the remainder when f is divided by h(-1)?
8
Let k = -38 - -83. Let c = -35 - -12. Let h = -11 - c. Calculate the remainder when k is divided by h.
9
Let o = 888 - 682. Calculate the remainder when o is divided by 53.
47
Suppose 0 = -l - 3*l + 4*g, 0 = 3*l - 2*g - 3. Calculate the remainder when 32 is di